of 312737?
312737
What are the prime factors of 18609538?
2, 241, 38609
What are the prime factors of 1502491?
61, 24631
What are the prime factors of 825568?
2, 25799
What are the prime factors of 4709451?
3, 1569817
What are the prime factors of 3427978?
2, 1713989
What are the prime factors of 428254?
2, 233, 919
List the prime factors of 329948.
2, 82487
List the prime factors of 31778099.
31778099
What are the prime factors of 84963?
3, 127, 223
What are the prime factors of 307276?
2, 76819
List the prime factors of 132557.
71, 1867
List the prime factors of 1745.
5, 349
List the prime factors of 1057175.
5, 7, 863
List the prime factors of 556307.
29, 19183
What are the prime factors of 215570?
2, 5, 21557
What are the prime factors of 747755?
5, 149551
List the prime factors of 6336709.
19, 359, 929
List the prime factors of 1645169.
1645169
List the prime factors of 120058.
2, 60029
List the prime factors of 127867.
127867
List the prime factors of 200251.
43, 4657
What are the prime factors of 4696879?
11, 17, 25117
What are the prime factors of 317288?
2, 17, 2333
List the prime factors of 229057.
23, 433
List the prime factors of 295731.
3, 1217
List the prime factors of 217696.
2, 6803
List the prime factors of 423846.
2, 3, 47, 167
List the prime factors of 7573696.
2, 13, 9103
List the prime factors of 429714.
2, 3, 23873
What are the prime factors of 1781549?
7, 11, 17, 1361
List the prime factors of 228454.
2, 103, 1109
What are the prime factors of 10874969?
7, 1553567
What are the prime factors of 6035646?
2, 3, 17, 47, 1259
What are the prime factors of 11855287?
29, 408803
What are the prime factors of 1192315?
5, 238463
List the prime factors of 615502.
2, 17, 43, 421
What are the prime factors of 5100383?
1901, 2683
List the prime factors of 282804.
2, 3, 23567
What are the prime factors of 14988058?
2, 7494029
List the prime factors of 641159.
73, 8783
List the prime factors of 376732.
2, 19, 4957
What are the prime factors of 301533?
3, 100511
What are the prime factors of 495402?
2, 3, 82567
List the prime factors of 2041466.
2, 7, 145819
List the prime factors of 65261.
7, 9323
What are the prime factors of 358034?
2, 29, 6173
List the prime factors of 185662.
2, 92831
List the prime factors of 401406.
2, 3, 149, 449
What are the prime factors of 4857797?
7, 101, 6871
List the prime factors of 1512676.
2, 11, 31, 1109
List the prime factors of 313627.
31, 67, 151
List the prime factors of 634903.
634903
What are the prime factors of 335556?
2, 3, 13, 239
What are the prime factors of 19415?
5, 11, 353
List the prime factors of 399825.
3, 5, 1777
What are the prime factors of 307255?
5, 13, 29, 163
What are the prime factors of 98586?
2, 3, 5477
What are the prime factors of 21180146?
2, 13, 631, 1291
What are the prime factors of 477821?
477821
What are the prime factors of 1018049?
23, 44263
What are the prime factors of 6221739?
3, 1063, 1951
List the prime factors of 3730694.
2, 11, 67, 2531
What are the prime factors of 1444225?
5, 41, 1409
What are the prime factors of 648603?
3, 19, 3793
List the prime factors of 1037451.
3, 345817
What are the prime factors of 306049?
306049
What are the prime factors of 222621?
3, 7, 10601
What are the prime factors of 3238625?
5, 13, 1993
List the prime factors of 266943.
3, 101, 881
List the prime factors of 11219245.
5, 331, 6779
What are the prime factors of 1698216?
2, 3, 13, 5443
What are the prime factors of 88779?
3, 101, 293
What are the prime factors of 891686?
2, 211, 2113
List the prime factors of 326248.
2, 13, 3137
What are the prime factors of 450926?
2, 7, 31, 1039
What are the prime factors of 2650941?
3, 47, 2089
List the prime factors of 4315030.
2, 5, 23, 73, 257
What are the prime factors of 34217220?
2, 3, 5, 383, 1489
What are the prime factors of 15190831?
37, 79, 5197
What are the prime factors of 213060?
2, 3, 5, 53, 67
What are the prime factors of 2436836?
2, 609209
List the prime factors of 3908176.
2, 244261
What are the prime factors of 2501194?
2, 211, 5927
List the prime factors of 146323.
146323
What are the prime factors of 16550105?
5, 11, 13, 79, 293
What are the prime factors of 3241240?
2, 5, 81031
List the prime factors of 3696160.
2, 5, 13, 1777
List the prime factors of 3331373.
41, 193, 421
List the prime factors of 7113710.
2, 5, 711371
What are the prime factors of 140086?
2, 89, 787
What are the prime factors of 1166631?
3, 233, 1669
List the prime factors of 402494.
2, 201247
List the prime factors of 39863.
39863
What are the prime factors of 2804859?
3, 37, 8423
What are the prime factors of 15490934?
2, 149, 227, 229
List the prime factors of 2452437.
3, 13, 17, 137
What are the prime factors of 100595?
5, 11, 31, 59
What are the prime factors of 971080?
2, 5, 11, 2207
What are the prime factors of 328011?
3, 31, 3527
What are the prime factors of 10509951?
3, 1201, 2917
What are the prime factors of 249221?
7, 35603
List the prime factors of 3074170.
2, 5, 11, 27947
What are the prime factors of 8779649?
2111, 4159
List the prime factors of 3667210.
2, 5, 366721
What are the prime factors of 8733378?
2, 3, 1455563
What are the prime factors of 939033?
3, 11593
What are the prime factors of 9406768?
2, 7, 47, 1787
What are the prime factors of 506160?
2, 3, 5, 19, 37
What are the prime factors of 3057912?
2, 3, 11, 13
What are the prime factors of 319910?
2, 5, 31991
List the prime factors of 7398116.
2, 11, 277, 607
List the prime factors of 2286305.
5, 7, 65323
List the prime factors of 10288229.
7, 1469747
List the prime factors of 2661848.
2, 7, 47533
List the prime factors of 81142.
2, 29, 1399
List the prime factors of 1545632.
2, 11, 4391
What are the prime factors of 4962497?
743, 6679
What are the prime factors of 563572?
2, 140893
What are the prime factors of 3888935?
5, 777787
What are the prime factors of 22095?
3, 5, 491
List the prime factors of 80780.
2, 5, 7, 577
What are the prime factors of 3122510?
2, 5, 312251
What are the prime factors of 254427?
3, 84809
List the prime factors of 454413.
3, 151471
What are the prime factors of 22492538?
2, 11246269
What are the prime factors of 112340?
2, 5, 41, 137
What are the prime factors of 596269?
29, 709
List the prime factors of 748314.
2, 3, 7, 5939
List the prime factors of 100858.
2, 211, 239
List the prime factors of 10018317.
3, 23, 145193
List the prime factors of 167303.
293, 571
List the prime factors of 798298.
2, 399149
What are the prime factors of 6231798?
2, 3, 461, 751
What are the prime factors of 396389?
7, 17, 3331
List the prime factors of 689220.
2, 3, 5, 7, 547
What are the prime factors of 16876964?
2, 13, 324557
What are the prime factors of 31992?
2, 3, 31, 43
List the prime factors of 11503.
11503
List the prime factors of 7104919.
7104919
What are the prime factors of 187984?
2, 31, 379
List the prime factors of 3066143.
421, 7283
List the prime factors of 698002.
2, 263, 1327
What are the prime factors of 605677?
137, 4421
What are the prime factors of 971148?
2, 3, 80929
What are the prime factors of 5222324?
2, 1305581
List the prime factors of 1734864.
2, 3, 47, 769
List the prime factors of 3831161.
29, 132109
What are the prime factors of 49357?
7, 11, 641
What are the prime factors of 255732?
2, 3, 101, 211
What are the prime factors of 661944?
2, 3, 27581
List the prime factors of 1697456.
2, 277, 383
What are the prime factors of 1200251?
13, 17, 5431
List the prime factors of 11095258.
2, 107, 139, 373
What are the prime factors of 629979?
3, 7, 131, 229
What are the prime factors of 23265154?
2, 11, 96137
List the prime factors of 598032.
2, 3, 4153
What are the prime factors of 24226124?
2, 13, 465887
List the prime factors of 173770.
2, 5, 17377
What are the prime factors of 5872473?
3, 217499
List the prime factors of 2560680.
2, 3, 5, 2371
List the prime factors of 789321.
3, 13, 37, 547
List the prime factors of 3563466.
2, 3, 293, 2027
List the prime factors of 757655.
5, 151531
What are the prime factors of 67835?
5, 13567
What are the prime factors of 234112?
2, 31, 59
List the prime factors of 4345754.
2, 7, 41, 67, 113
What are the prime factors of 72537?
3, 24179
What are the prime factors of 929933?
269, 3457
L